[INFO] cloning repository https://github.com/Harbon/CloudTask
[INFO] running `Command { std: "git" "-c" "credential.helper=" "-c" "credential.helper=/workspace/cargo-home/bin/git-credential-null" "clone" "--bare" "https://github.com/Harbon/CloudTask" "/workspace/cache/git-repos/https%3A%2F%2Fgithub.com%2FHarbon%2FCloudTask", kill_on_drop: false }`
[INFO] [stderr] Cloning into bare repository '/workspace/cache/git-repos/https%3A%2F%2Fgithub.com%2FHarbon%2FCloudTask'...
[INFO] running `Command { std: "git" "rev-parse" "HEAD", kill_on_drop: false }`
[INFO] [stdout] 8db2edb6fbf85078145091240a90903e3507f2c0
[INFO] checking Harbon/CloudTask against master#af3c6e733a40e671550e0f0f5aeecaa13772ba56 for pr-74989
[INFO] running `Command { std: "git" "clone" "/workspace/cache/git-repos/https%3A%2F%2Fgithub.com%2FHarbon%2FCloudTask" "/workspace/builds/worker-11/source", kill_on_drop: false }`
[INFO] [stderr] Cloning into '/workspace/builds/worker-11/source'...
[INFO] [stderr] done.
[INFO] validating manifest of git repo https://github.com/Harbon/CloudTask on toolchain af3c6e733a40e671550e0f0f5aeecaa13772ba56
[INFO] running `Command { std: "/workspace/cargo-home/bin/cargo" "+af3c6e733a40e671550e0f0f5aeecaa13772ba56" "read-manifest" "--manifest-path" "Cargo.toml", kill_on_drop: false }`
[INFO] started tweaking git repo https://github.com/Harbon/CloudTask
[INFO] finished tweaking git repo https://github.com/Harbon/CloudTask
[INFO] tweaked toml for git repo https://github.com/Harbon/CloudTask written to /workspace/builds/worker-11/source/Cargo.toml
[INFO] crate git repo https://github.com/Harbon/CloudTask already has a lockfile, it will not be regenerated
[INFO] running `Command { std: "/workspace/cargo-home/bin/cargo" "+af3c6e733a40e671550e0f0f5aeecaa13772ba56" "fetch" "--locked" "--manifest-path" "Cargo.toml", kill_on_drop: false }`
[INFO] [stderr]     Blocking waiting for file lock on package cache
[INFO] [stderr]     Updating crates.io index
[INFO] [stderr] error: the lock file /workspace/builds/worker-11/source/Cargo.lock needs to be updated but --locked was passed to prevent this
[INFO] [stderr] If you want to try to generate the lock file without accessing the network, use the --offline flag.
[INFO] the lockfile is outdated, regenerating it
[INFO] running `Command { std: "/workspace/cargo-home/bin/cargo" "+af3c6e733a40e671550e0f0f5aeecaa13772ba56" "generate-lockfile" "--manifest-path" "Cargo.toml" "-Zno-index-update", kill_on_drop: false }`
[INFO] [stderr]     Updating git repository `https://github.com/iron/body-parser.git`
[INFO] [stderr]     Updating git repository `https://github.com/iron/logger.git`
[INFO] [stderr]     Updating git repository `https://github.com/iron/router.git`
[INFO] [stderr]     Updating git repository `https://github.com/iron/iron`
[INFO] running `Command { std: "/workspace/cargo-home/bin/cargo" "+af3c6e733a40e671550e0f0f5aeecaa13772ba56" "fetch" "--locked" "--manifest-path" "Cargo.toml", kill_on_drop: false }`
[INFO] running `Command { std: "docker" "create" "-v" "/var/lib/crater-agent-workspace/builds/worker-11/target:/opt/rustwide/target:rw,Z" "-v" "/var/lib/crater-agent-workspace/builds/worker-11/source:/opt/rustwide/workdir:ro,Z" "-v" "/var/lib/crater-agent-workspace/cargo-home:/opt/rustwide/cargo-home:ro,Z" "-v" "/var/lib/crater-agent-workspace/rustup-home:/opt/rustwide/rustup-home:ro,Z" "-e" "SOURCE_DIR=/opt/rustwide/workdir" "-e" "CARGO_TARGET_DIR=/opt/rustwide/target" "-e" "CARGO_HOME=/opt/rustwide/cargo-home" "-e" "RUSTUP_HOME=/opt/rustwide/rustup-home" "-w" "/opt/rustwide/workdir" "-m" "1610612736" "--user" "0:0" "--network" "none" "rustops/crates-build-env@sha256:d92eaeed33fa75130ca1ee6c8a01d1ffb62bac859dfdfb3450e3e5d1c0146529" "/opt/rustwide/cargo-home/bin/cargo" "+af3c6e733a40e671550e0f0f5aeecaa13772ba56" "metadata" "--no-deps" "--format-version=1", kill_on_drop: false }`
[INFO] [stdout] fd534ff0dc1f9398f4618de9d886e7124f538d942048aae4b842a4bda3642917
[INFO] [stderr] WARNING: Your kernel does not support swap limit capabilities or the cgroup is not mounted. Memory limited without swap.
[INFO] running `Command { std: "docker" "start" "-a" "fd534ff0dc1f9398f4618de9d886e7124f538d942048aae4b842a4bda3642917", kill_on_drop: false }`
[INFO] running `Command { std: "docker" "inspect" "fd534ff0dc1f9398f4618de9d886e7124f538d942048aae4b842a4bda3642917", kill_on_drop: false }`
[INFO] running `Command { std: "docker" "rm" "-f" "fd534ff0dc1f9398f4618de9d886e7124f538d942048aae4b842a4bda3642917", kill_on_drop: false }`
[INFO] [stdout] fd534ff0dc1f9398f4618de9d886e7124f538d942048aae4b842a4bda3642917
[INFO] running `Command { std: "docker" "create" "-v" "/var/lib/crater-agent-workspace/builds/worker-11/target:/opt/rustwide/target:rw,Z" "-v" "/var/lib/crater-agent-workspace/builds/worker-11/source:/opt/rustwide/workdir:ro,Z" "-v" "/var/lib/crater-agent-workspace/cargo-home:/opt/rustwide/cargo-home:ro,Z" "-v" "/var/lib/crater-agent-workspace/rustup-home:/opt/rustwide/rustup-home:ro,Z" "-e" "SOURCE_DIR=/opt/rustwide/workdir" "-e" "CARGO_TARGET_DIR=/opt/rustwide/target" "-e" "CARGO_INCREMENTAL=0" "-e" "RUST_BACKTRACE=full" "-e" "RUSTFLAGS=--cap-lints=forbid" "-e" "CARGO_HOME=/opt/rustwide/cargo-home" "-e" "RUSTUP_HOME=/opt/rustwide/rustup-home" "-w" "/opt/rustwide/workdir" "-m" "1610612736" "--user" "0:0" "--network" "none" "rustops/crates-build-env@sha256:d92eaeed33fa75130ca1ee6c8a01d1ffb62bac859dfdfb3450e3e5d1c0146529" "/opt/rustwide/cargo-home/bin/cargo" "+af3c6e733a40e671550e0f0f5aeecaa13772ba56" "check" "--frozen" "--all" "--all-targets" "--message-format=json", kill_on_drop: false }`
[INFO] [stdout] 6d08ff45d6e1b7dc833edde056c90e058d20aa16a9e2fad00d8a54c05b84f6e3
[INFO] [stderr] WARNING: Your kernel does not support swap limit capabilities or the cgroup is not mounted. Memory limited without swap.
[INFO] running `Command { std: "docker" "start" "-a" "6d08ff45d6e1b7dc833edde056c90e058d20aa16a9e2fad00d8a54c05b84f6e3", kill_on_drop: false }`
[INFO] [stderr]     Blocking waiting for file lock on package cache
[INFO] [stderr]     Blocking waiting for file lock on package cache
[INFO] [stderr]    Compiling libc v0.2.77
[INFO] [stderr]    Compiling maybe-uninit v2.0.0
[INFO] [stderr]     Checking futures v0.1.29
[INFO] [stderr]    Compiling semver-parser v0.7.0
[INFO] [stderr]     Checking percent-encoding v1.0.1
[INFO] [stderr]     Checking modifier v0.1.0
[INFO] [stderr]     Checking try-lock v0.2.3
[INFO] [stderr]    Compiling serde v1.0.116
[INFO] [stderr]     Checking traitobject v0.0.1
[INFO] [stderr]     Checking lzw v0.10.0
[INFO] [stderr]     Checking color_quant v1.0.1
[INFO] [stderr]     Checking serde v0.7.15
[INFO] [stderr]     Checking scoped_threadpool v0.1.9
[INFO] [stderr]     Checking byteorder v0.5.3
[INFO] [stderr]     Checking itoa v0.1.1
[INFO] [stderr]     Checking route-recognizer v0.1.13
[INFO] [stderr]    Compiling crossbeam-utils v0.7.2
[INFO] [stderr]    Compiling memoffset v0.5.5
[INFO] [stderr]    Compiling crossbeam-epoch v0.8.2
[INFO] [stderr]    Compiling num-traits v0.2.12
[INFO] [stderr]    Compiling num-integer v0.1.43
[INFO] [stderr]    Compiling rayon v1.4.0
[INFO] [stderr]    Compiling num-iter v0.1.41
[INFO] [stderr]     Checking unicode-bidi v0.2.6
[INFO] [stderr]    Compiling rand_core v0.3.1
[INFO] [stderr]     Checking unsafe-any v0.4.2
[INFO] [stderr]     Checking conduit-mime-types v0.7.3
[INFO] [stderr]     Checking error v0.1.9
[INFO] [stderr]    Compiling miniz-sys v0.1.12
[INFO] [stderr]     Checking gif v0.9.2
[INFO] [stderr]     Checking idna v0.1.5
[INFO] [stderr]    Compiling rand_hc v0.1.0
[INFO] [stderr]    Compiling rand_xorshift v0.1.1
[INFO] [stderr]    Compiling rand_isaac v0.1.1
[INFO] [stderr]     Checking typemap v0.3.3
[INFO] [stderr]     Checking log v0.3.9
[INFO] [stderr]    Compiling semver v0.9.0
[INFO] [stderr]    Compiling rand_pcg v0.1.2
[INFO] [stderr]    Compiling rand_chacha v0.1.1
[INFO] [stderr]    Compiling phf_shared v0.7.24
[INFO] [stderr]     Checking plugin v0.2.6
[INFO] [stderr]     Checking mime v0.2.6
[INFO] [stderr]     Checking hpack v0.2.0
[INFO] [stderr]    Compiling rustc_version v0.2.3
[INFO] [stderr]    Compiling phf v0.7.24
[INFO] [stderr]     Checking smallvec v0.6.13
[INFO] [stderr]     Checking solicit v0.4.4
[INFO] [stderr]     Checking url v1.7.2
[INFO] [stderr]     Checking crossbeam-queue v0.2.3
[INFO] [stderr]     Checking crossbeam-channel v0.4.4
[INFO] [stderr]    Compiling parking_lot_core v0.6.2
[INFO] [stderr]    Compiling parking_lot v0.9.0
[INFO] [stderr]    Compiling hyper v0.12.35
[INFO] [stderr]     Checking crossbeam-deque v0.7.3
[INFO] [stderr]    Compiling rand_os v0.1.3
[INFO] [stderr]     Checking num_cpus v1.13.0
[INFO] [stderr]     Checking iovec v0.1.4
[INFO] [stderr]     Checking time v0.1.44
[INFO] [stderr]     Checking rand v0.4.6
[INFO] [stderr]     Checking net2 v0.2.35
[INFO] [stderr]     Checking num_cpus v0.2.13
[INFO] [stderr]     Checking num-traits v0.1.43
[INFO] [stderr]     Checking enum_primitive v0.1.1
[INFO] [stderr]     Checking flate2 v0.2.20
[INFO] [stderr]     Checking tokio-executor v0.1.10
[INFO] [stderr]     Checking tokio-sync v0.1.8
[INFO] [stderr]     Checking want v0.2.0
[INFO] [stderr]    Compiling rand v0.6.5
[INFO] [stderr]     Checking bytes v0.4.12
[INFO] [stderr]     Checking futures-cpupool v0.1.8
[INFO] [stderr]     Checking rayon-core v1.8.0
[INFO] [stderr]     Checking mio v0.6.22
[INFO] [stderr]     Checking tokio-timer v0.2.13
[INFO] [stderr]     Checking tokio-threadpool v0.1.18
[INFO] [stderr]     Checking tokio-current-thread v0.1.7
[INFO] [stderr]     Checking serde_json v0.7.4
[INFO] [stderr]     Checking hyper v0.10.16
[INFO] [stderr]     Checking cookie v0.2.5
[INFO] [stderr]     Checking png v0.5.2
[INFO] [stderr]     Checking tokio-io v0.1.13
[INFO] [stderr]     Checking http v0.1.21
[INFO] [stderr]     Checking tokio-buf v0.1.1
[INFO] [stderr]     Checking string v0.2.1
[INFO] [stderr]     Checking rand v0.3.23
[INFO] [stderr]     Checking num-bigint v0.1.44
[INFO] [stderr]     Checking uuid v0.2.3
[INFO] [stderr]     Checking url v0.5.10
[INFO] [stderr]     Checking tokio-reactor v0.1.12
[INFO] [stderr]     Checking tokio-tcp v0.1.4
[INFO] [stderr]     Checking tokio v0.1.22
[INFO] [stderr]    Compiling phf_generator v0.7.24
[INFO] [stderr]    Compiling phf_codegen v0.7.24
[INFO] [stderr]    Compiling mime_guess v1.8.8
[INFO] [stderr]     Checking num-rational v0.1.42
[INFO] [stderr]     Checking hyper v0.8.1
[INFO] [stderr]     Checking h2 v0.1.26
[INFO] [stderr]     Checking http-body v0.1.0
[INFO] [stderr]     Checking iron v0.6.1
[INFO] [stderr]     Checking persistent v0.4.0
[INFO] [stderr]     Checking logger v0.4.0 (https://github.com/iron/logger.git#4df63964)
[INFO] [stderr]     Checking iron v0.3.1
[INFO] [stderr]     Checking jpeg-decoder v0.1.20
[INFO] [stderr]     Checking persistent v0.1.0
[INFO] [stderr]     Checking serde_json v1.0.57
[INFO] [stderr]     Checking image v0.10.4
[INFO] [stderr]     Checking bodyparser v0.8.0 (https://github.com/iron/body-parser.git#49ae53cd)
[INFO] [stderr]     Checking iron v0.6.0 (https://github.com/iron/iron?branch=master#e38695bf)
[INFO] [stderr]     Checking router v0.7.0-pre1 (https://github.com/iron/router.git#ec2c7890)
[INFO] [stderr]     Checking CloudTask v0.1.0 (/opt/rustwide/workdir)
[INFO] [stdout] error[E0277]: expected a `Fn<(&mut iron::Request<'_, '_>,)>` closure, found `Router`
[INFO] [stdout]    --> src/app/mod.rs:14:32
[INFO] [stdout]     |
[INFO] [stdout] 14  |     let mut chain = Chain::new(routes::init_router());
[INFO] [stdout]     |                                ^^^^^^^^^^^^^^^^^^^^^ expected an `Fn<(&mut iron::Request<'_, '_>,)>` closure, found `Router`
[INFO] [stdout]     | 
[INFO] [stdout]    ::: /opt/rustwide/cargo-home/registry/src/github.com-1ecc6299db9ec823/iron-0.3.1/src/middleware/mod.rs:141:19
[INFO] [stdout]     |
[INFO] [stdout] 141 |     pub fn new<H: Handler>(handler: H) -> Chain {
[INFO] [stdout]     |                   ------- required by this bound in `iron::Chain::new`
[INFO] [stdout]     |
[INFO] [stdout]     = help: the trait `for<'r, 's, 't0> Fn<(&'r mut iron::Request<'s, 't0>,)>` is not implemented for `Router`
[INFO] [stdout]     = note: required because of the requirements on the impl of `Handler` for `Router`
[INFO] [stdout] 
[INFO] [stdout] 
[INFO] [stdout] error[E0061]: this function takes 3 arguments but 2 arguments were supplied
[INFO] [stdout]  --> src/app/routes.rs:7:12
[INFO] [stdout]   |
[INFO] [stdout] 7 |     router.post("/referExpress", controllers::handle_refer_express);
[INFO] [stdout]   |            ^^^^ ---------------  --------------------------------- supplied 2 arguments
[INFO] [stdout]   |            |
[INFO] [stdout]   |            expected 3 arguments
[INFO] [stdout] 
[INFO] [stdout] 
[INFO] [stdout] error[E0061]: this function takes 3 arguments but 2 arguments were supplied
[INFO] [stdout]  --> src/app/routes.rs:8:12
[INFO] [stdout]   |
[INFO] [stdout] 8 |     router.post("/decodeqr", controllers::handle_decode_qr);
[INFO] [stdout]   |            ^^^^ -----------  ----------------------------- supplied 2 arguments
[INFO] [stdout]   |            |
[INFO] [stdout]   |            expected 3 arguments
[INFO] [stdout] 
[INFO] [stdout] 
[INFO] [stdout] error[E0277]: the trait bound `bodyparser::Json: plugin::Plugin<iron::Request<'_, '_>>` is not satisfied
[INFO] [stdout]    --> src/app/controllers/mod.rs:203:21
[INFO] [stdout]     |
[INFO] [stdout] 203 |     let body = _req.get::<bodyparser::Json>();
[INFO] [stdout]     |                     ^^^ the trait `plugin::Plugin<iron::Request<'_, '_>>` is not implemented for `bodyparser::Json`
[INFO] [stdout]     |
[INFO] [stdout]     = help: the following implementations were found:
[INFO] [stdout]               <bodyparser::Json as plugin::Plugin<iron::request::Request<'a, 'b>>>
[INFO] [stdout] 
[INFO] [stdout] 
[INFO] [stdout] error[E0599]: no method named `find` found for enum `serde_json::value::Value` in the current scope
[INFO] [stdout]    --> src/app/controllers/mod.rs:211:25
[INFO] [stdout]     |
[INFO] [stdout] 211 |         match json_body.find("type") {
[INFO] [stdout]     |                         ^^^^ method not found in `serde_json::value::Value`
[INFO] [stdout] 
[INFO] [stdout] 
[INFO] [stdout] error[E0599]: no method named `find` found for enum `serde_json::value::Value` in the current scope
[INFO] [stdout]    --> src/app/controllers/mod.rs:224:25
[INFO] [stdout]     |
[INFO] [stdout] 224 |         match json_body.find("data") {
[INFO] [stdout]     |                         ^^^^ method not found in `serde_json::value::Value`
[INFO] [stdout] 
[INFO] [stdout] 
[INFO] [stdout] error: aborting due to 6 previous errors
[INFO] [stdout] 
[INFO] [stdout] 
[INFO] [stdout] Some errors have detailed explanations: E0061, E0277, E0599.
[INFO] [stdout] 
[INFO] [stdout] For more information about an error, try `rustc --explain E0061`.
[INFO] [stdout] 
[INFO] [stderr] error: could not compile `CloudTask`.
[INFO] [stderr] 
[INFO] [stderr] To learn more, run the command again with --verbose.
[INFO] [stderr] warning: build failed, waiting for other jobs to finish...
[INFO] [stdout] error[E0277]: expected a `Fn<(&mut iron::Request<'_, '_>,)>` closure, found `Router`
[INFO] [stdout]    --> src/app/mod.rs:14:32
[INFO] [stdout]     |
[INFO] [stdout] 14  |     let mut chain = Chain::new(routes::init_router());
[INFO] [stdout]     |                                ^^^^^^^^^^^^^^^^^^^^^ expected an `Fn<(&mut iron::Request<'_, '_>,)>` closure, found `Router`
[INFO] [stdout]     | 
[INFO] [stdout]    ::: /opt/rustwide/cargo-home/registry/src/github.com-1ecc6299db9ec823/iron-0.3.1/src/middleware/mod.rs:141:19
[INFO] [stdout]     |
[INFO] [stdout] 141 |     pub fn new<H: Handler>(handler: H) -> Chain {
[INFO] [stdout]     |                   ------- required by this bound in `iron::Chain::new`
[INFO] [stdout]     |
[INFO] [stdout]     = help: the trait `for<'r, 's, 't0> Fn<(&'r mut iron::Request<'s, 't0>,)>` is not implemented for `Router`
[INFO] [stdout]     = note: required because of the requirements on the impl of `Handler` for `Router`
[INFO] [stdout] 
[INFO] [stdout] 
[INFO] [stdout] error[E0061]: this function takes 3 arguments but 2 arguments were supplied
[INFO] [stdout]  --> src/app/routes.rs:7:12
[INFO] [stdout]   |
[INFO] [stdout] 7 |     router.post("/referExpress", controllers::handle_refer_express);
[INFO] [stdout]   |            ^^^^ ---------------  --------------------------------- supplied 2 arguments
[INFO] [stdout]   |            |
[INFO] [stdout]   |            expected 3 arguments
[INFO] [stdout] 
[INFO] [stdout] 
[INFO] [stdout] error[E0061]: this function takes 3 arguments but 2 arguments were supplied
[INFO] [stdout]  --> src/app/routes.rs:8:12
[INFO] [stdout]   |
[INFO] [stdout] 8 |     router.post("/decodeqr", controllers::handle_decode_qr);
[INFO] [stdout]   |            ^^^^ -----------  ----------------------------- supplied 2 arguments
[INFO] [stdout]   |            |
[INFO] [stdout]   |            expected 3 arguments
[INFO] [stdout] 
[INFO] [stdout] 
[INFO] [stdout] error[E0277]: the trait bound `bodyparser::Json: plugin::Plugin<iron::Request<'_, '_>>` is not satisfied
[INFO] [stdout]    --> src/app/controllers/mod.rs:203:21
[INFO] [stdout]     |
[INFO] [stdout] 203 |     let body = _req.get::<bodyparser::Json>();
[INFO] [stdout]     |                     ^^^ the trait `plugin::Plugin<iron::Request<'_, '_>>` is not implemented for `bodyparser::Json`
[INFO] [stdout]     |
[INFO] [stdout]     = help: the following implementations were found:
[INFO] [stdout]               <bodyparser::Json as plugin::Plugin<iron::request::Request<'a, 'b>>>
[INFO] [stdout] 
[INFO] [stdout] 
[INFO] [stdout] error[E0599]: no method named `find` found for enum `serde_json::value::Value` in the current scope
[INFO] [stdout]    --> src/app/controllers/mod.rs:211:25
[INFO] [stdout]     |
[INFO] [stdout] 211 |         match json_body.find("type") {
[INFO] [stdout]     |                         ^^^^ method not found in `serde_json::value::Value`
[INFO] [stdout] 
[INFO] [stdout] 
[INFO] [stdout] error[E0599]: no method named `find` found for enum `serde_json::value::Value` in the current scope
[INFO] [stdout]    --> src/app/controllers/mod.rs:224:25
[INFO] [stdout]     |
[INFO] [stdout] 224 |         match json_body.find("data") {
[INFO] [stdout]     |                         ^^^^ method not found in `serde_json::value::Value`
[INFO] [stdout] 
[INFO] [stdout] 
[INFO] [stdout] error: aborting due to 6 previous errors
[INFO] [stdout] 
[INFO] [stdout] 
[INFO] [stdout] Some errors have detailed explanations: E0061, E0277, E0599.
[INFO] [stdout] 
[INFO] [stdout] For more information about an error, try `rustc --explain E0061`.
[INFO] [stdout] 
[INFO] [stderr] error: build failed
[INFO] running `Command { std: "docker" "inspect" "6d08ff45d6e1b7dc833edde056c90e058d20aa16a9e2fad00d8a54c05b84f6e3", kill_on_drop: false }`
[INFO] running `Command { std: "docker" "rm" "-f" "6d08ff45d6e1b7dc833edde056c90e058d20aa16a9e2fad00d8a54c05b84f6e3", kill_on_drop: false }`
[INFO] [stdout] 6d08ff45d6e1b7dc833edde056c90e058d20aa16a9e2fad00d8a54c05b84f6e3
